{"id":122,"date":"2022-01-18T16:22:51","date_gmt":"2022-01-18T16:22:51","guid":{"rendered":"http:\/\/localhost\/peritec\/?page_id=122"},"modified":"2022-10-19T16:29:44","modified_gmt":"2022-10-19T15:29:44","slug":"vara-tjanster","status":"publish","type":"page","link":"https:\/\/test.clmogarage.com\/index.php\/sv\/vara-tjanster\/","title":{"rendered":"V\u00e5ra tj\u00e4nster"},"content":{"rendered":"\n<p class=\"has-normal-font-size\">Kanske kan vi hj\u00e4lpa dig med din renovering eller underh\u00e5ll av din klassiker. V\u00e5ra tj\u00e4nster omfattar fr\u00e4mst renovering och reparation av f\u00f6rgasare och renovering av hastighetsm\u00e4tare\/varvr\u00e4knare men kan du kan \u00e4ven f\u00e5 hj\u00e4lp med tuning och optimering samt motorrenoveringar i m\u00e5n av tid. Genom samarbete med kvalificerade partners s\u00e5 erbjuds b\u00e4sta m\u00f6jliga tj\u00e4nster.<\/p>\n\n\n\n<div class=\"wp-block-query is-layout-flow wp-block-query-is-layout-flow\"><ul class=\"wp-block-post-template is-layout-flow wp-block-post-template-is-layout-flow\"><li class=\"wp-block-post post-449 post type-post status-publish format-standard hentry category-vara-tjanster entry\">\n\n<div class=\"wp-block-group\" style=\"padding-top:30px\"><div class=\"wp-block-group__inner-container is-layout-flow wp-block-group-is-layout-flow\">\n<div class=\"wp-block-group is-style-default has-background\" style=\"background-color:#c6b9a8\"><div class=\"wp-block-group__inner-container is-layout-flow wp-block-group-is-layout-flow\"><h2 class=\"wp-block-post-title has-large-font-size\"><a href=\"https:\/\/test.clmogarage.com\/index.php\/sv\/2022\/03\/01\/renovering-och-reparation-av-forgasare\/\" target=\"_self\" >Renovering och reparation av f\u00f6rgasare<\/a><\/h2><\/div><\/div>\n<\/div><\/div>\n\n<\/li><li class=\"wp-block-post post-451 post type-post status-publish format-standard hentry category-vara-tjanster entry\">\n\n<div class=\"wp-block-group\" style=\"padding-top:30px\"><div class=\"wp-block-group__inner-container is-layout-flow wp-block-group-is-layout-flow\">\n<div class=\"wp-block-group is-style-default has-background\" style=\"background-color:#c6b9a8\"><div class=\"wp-block-group__inner-container is-layout-flow wp-block-group-is-layout-flow\"><h2 class=\"wp-block-post-title has-large-font-size\"><a href=\"https:\/\/test.clmogarage.com\/index.php\/sv\/2022\/03\/01\/renovering-och-reparation-av-hastighetsmatare-varvraknare\/\" target=\"_self\" >Renovering och reparation av hastighetsm\u00e4tare\/varvr\u00e4knare<\/a><\/h2><\/div><\/div>\n<\/div><\/div>\n\n<\/li><li class=\"wp-block-post post-453 post type-post status-publish format-standard hentry category-vara-tjanster entry\">\n\n<div class=\"wp-block-group\" style=\"padding-top:30px\"><div class=\"wp-block-group__inner-container is-layout-flow wp-block-group-is-layout-flow\">\n<div class=\"wp-block-group is-style-default has-background\" style=\"background-color:#c6b9a8\"><div class=\"wp-block-group__inner-container is-layout-flow wp-block-group-is-layout-flow\"><h2 class=\"wp-block-post-title has-large-font-size\"><a href=\"https:\/\/test.clmogarage.com\/index.php\/sv\/2022\/03\/01\/ovriga-tjanster\/\" target=\"_self\" >\u00d6vriga tj\u00e4nster<\/a><\/h2><\/div><\/div>\n<\/div><\/div>\n\n<\/li><\/ul><\/div>\n","protected":false},"excerpt":{"rendered":"<p>Kanske kan vi hj\u00e4lpa dig med din renovering eller underh\u00e5ll av din klassiker. V\u00e5ra tj\u00e4nster omfattar fr\u00e4mst renovering och reparation av f\u00f6rgasare och renovering av hastighetsm\u00e4tare\/varvr\u00e4knare men kan du kan \u00e4ven f\u00e5 hj\u00e4lp med tuning och optimering samt motorrenoveringar i m\u00e5n av tid. Genom samarbete med kvalificerade partners s\u00e5 erbjuds b\u00e4sta m\u00f6jliga tj\u00e4nster.<\/p>\n","protected":false},"author":2,"featured_media":0,"parent":0,"menu_order":0,"comment_status":"closed","ping_status":"closed","template":"","meta":{"footnotes":""},"class_list":["post-122","page","type-page","status-publish","hentry","entry"],"_links":{"self":[{"href":"https:\/\/test.clmogarage.com\/index.php\/wp-json\/wp\/v2\/pages\/122","targetHints":{"allow":["GET"]}}],"collection":[{"href":"https:\/\/test.clmogarage.com\/index.php\/wp-json\/wp\/v2\/pages"}],"about":[{"href":"https:\/\/test.clmogarage.com\/index.php\/wp-json\/wp\/v2\/types\/page"}],"author":[{"embeddable":true,"href":"https:\/\/test.clmogarage.com\/index.php\/wp-json\/wp\/v2\/users\/2"}],"replies":[{"embeddable":true,"href":"https:\/\/test.clmogarage.com\/index.php\/wp-json\/wp\/v2\/comments?post=122"}],"version-history":[{"count":18,"href":"https:\/\/test.clmogarage.com\/index.php\/wp-json\/wp\/v2\/pages\/122\/revisions"}],"predecessor-version":[{"id":1527,"href":"https:\/\/test.clmogarage.com\/index.php\/wp-json\/wp\/v2\/pages\/122\/revisions\/1527"}],"wp:attachment":[{"href":"https:\/\/test.clmogarage.com\/index.php\/wp-json\/wp\/v2\/media?parent=122"}],"curies":[{"name":"wp","href":"https:\/\/api.w.org\/{rel}","templated":true}]}}